et l be (1 + 0 - -1) + -5. Let r(b) = l*a(b) - 4*g(b). Suppose -m - 2*j - 5 = 3*j, 0 = -m - j + 3. Calculate r(m).
-3
Let w(o) = o**2 + 4. Let q(s) = s**2 + 4. Let c(g) = -5*q(g) + 6*w(g). Determine c(0).
4
Let d(o) = 2*o**3 - o**2 - 4*o + 3. Let g = -32 + 34. Give d(g).
7
Suppose 2*s = -1 - 5. Let q(u) = u**3 + 4*u**2 + 4*u. Give q(s).
-3
Let a(t) = -3*t**2 - 4*t + 3. Let g(s) = -16*s**2 - 19*s + 15. Let l(i) = -11*a(i) + 2*g(i). Determine l(-5).
-8
Let n(k) be the third derivative of -k**4/8 + k**3/2 - 7*k**2. Give n(2).
-3
Suppose x + 0 + 1 = -5*t, 3*t - 17 = -5*x. Let y(w) = w**2 - 5*w + 5. What is y(x)?
1
Let g(o) be the first derivative of o**3/3 - 4*o**2 - 2*o + 2. Let a be g(8). Let v(b) = b**2 + 2*b**3 + b**3 - 4*b - 2*b**3 - 3. What is v(a)?
1
Let a(x) be the third derivative of x**4/12 + x**3/3 + 12*x**2. Give a(6).
14
Let q(k) = -k. Let u be q(-3). Let w(h) = -h + h + h**3 + u*h**2 + 3*h - 5*h. Calculate w(-4).
-8
Suppose 0*f - 6 = f. Let v(n) = 5*n**2 - 8. Let x(k) = 4*k**2 - k - 7. Let p(h) = f*x(h) + 5*v(h). Give p(-6).
2
Let x(h) = -h**3 - 3*h**2 + h - 1. Let b = -25 + 28. Suppose 0 = -3*c - 0*c. Suppose c + b = -q. Calculate x(q).
-4
Suppose 5*b = -27 + 7. Let p(u) = -67*u + 3 + u**2 + 0*u**2 + 2 + 72*u. What is p(b)?
1
Let g(j) = -3*j - 1. Let x be g(-1). Suppose -2 + 4 = n. Let y(t) = 7*t**2 - 2*t - 8*t**n + 0 + 3*t - x. What is y(0)?
-2
Suppose n + 0*n = 3. Suppose -1 = -4*s + x, -3*x = -3*s - 0*x + n. Let g(z) = z**2 + z + 5. What is g(s)?
5
Let n be (-7 - 3)*(-1)/4. Let i(l) be the first derivative of -l + 2 + n*l**2. Determine i(-1).
-6
Let m(j) = -j + 1. Let l be m(-3). Suppose -a - l*a = 0. Suppose x = -a*x - 5. Let h(s) = -s**3 - 5*s**2 - s - 2. Calculate h(x).
3
Let i(r) be the third derivative of -r**4/24 + 2*r**3/3 - 2*r**2. Let q = 13 - 7. Suppose 3*t + 18 = q. Give i(t).
8
Let y(v) = 0*v + 14 - 4 - v**2 - v. Let t be y(0). Suppose 5*k - 5 = 0, 3*k - 3 - t = 5*s. Let g(o) = 3*o**2 + 3*o. Give g(s).
6
Let a(n) = -3*n**2 + 13*n - 20. Let b(x) = x**2 - 4*x + 7. Let q(c) = 3*a(c) + 8*b(c). What is q(6)?
2
Let l(o) = -3*o + 2. Let p(r) = -r**3 + 4*r**2 + r - 1. Let x be p(4). Give l(x).
-7
Let c(a) = 7*a**3 - 3*a**2 - 3*a + 1. Let b(i) = -6*i**3 + 3*i**2 + 3*i. Let o(w) = -6*b(w) - 5*c(w). Let h = 9 - 5. Calculate o(h).
-1
Let s(o) = o**2 - 4*o + 1. Suppose -9*f + 2*f + 21 = 0. Give s(f).
-2
Let w(o) = 1. Let z(x) = x**2 - 9*x + 2. Let m(a) = -3*w(a) - z(a). Let d be m(8). Let g(c) = -c - 23. Let t(p) = 3. Let k(s) = 3*g(s) + 24*t(s). What is k(d)?
-6
Let a(f) = f - 3. Let t(x) = x**3 + 8*x**2 + 8*x + 9. Let p be t(-7). Let o be (-1)/p + 23/2. Suppose -u + 2*i = o, 3*u - 3*i = 2*i - 29. Calculate a(u).
-6
Let u(i) = 3*i**3 + 60 - 57 - 2*i**3 + 3*i**2 - 4*i. Let a be (0 - -3)*8/(-6). Give u(a).
3
Let p(b) = -b**2 + b + 1. Let a = 17 + -11. Suppose 0 = -3*n + a. What is p(n)?
-1
Let t be 2 + -3 - 4/(-2). Let a(g) = -4*g**2 + 3 + 6*g**2 + 9*g**3 - 3*g**2. Let c(o) = 18*o**3 - 2*o**2 + 5. Let x(r) = 5*a(r) - 3*c(r). Determine x(t).
-8
Let j(d) be the first derivative of -2*d**3/3 - d**2/2 + d + 2. Let g(y) be the first derivative of j(y). Let c = 3 + -5. What is g(c)?
7
Let q(f) be the second derivative of f**5/20 - f**4/2 - 7*f**3/6 - f**2/2 + 7*f. What is q(7)?
-1
Let v = -28 + 52. Suppose 3*i + 3*k = 21, -2*i + 0*k = 4*k - v. Let p(f) = 1 - f + f**2 - 2 - i. Determine p(0).
-3
Let v(w) = 2*w**2 - 3*w + 2. Let z(a) = -a**3 + 11*a**2 - 12*a + 11. Let c be z(10). Let o be (-10)/(-6) + (-3)/c. What is v(o)?
4
Let d be (-2)/((-18)/(-3))*-12. Let j(y) = 2*y - 6. What is j(d)?
2
Let b be -2*1 - 0 - -6. Let k = 10 + -6. Let x(f) = 3*f + 0 - 2 - k. Calculate x(b).
6
Suppose 0 = 2*r + r + 3. Let s(i) = 3*i**2 + 2*i + 1. Let w be s(r). Let u(l) = l**2 - 2*l. Give u(w).
0
Let x(m) = -2*m**2 + 6*m + 8*m**2 - 5*m**2 - 2*m + 2. Suppose -5*q - 16 = -q. Determine x(q).
2
Let c(d) = -2*d - 9. Let f be c(-6). Suppose 5*i - 4*i - f = 0. Let v(p) = -4*p**2 + p + 2. Let a(b) = 3*b**2 - 2. Let r(n) = -5*a(n) - 4*v(n). Determine r(i).
-1
Let i(x) = -x + 8. Suppose 0 = v, 0*v + v = -3*s. Let g(t) = t**2 - t + 6. Let z be g(s). What is i(z)?
2
Let h(d) = d**2 + 2*d + 2. Let k be -5*(0 - 12/(-15)). Calculate h(k).
10
Let p(q) = 14*q**3 + q**2 - 2*q + 1. Suppose 8 = 3*a + 5. What is p(a)?
14
Let o(c) = 2*c. Let y(s) = s - 1. Let l(v) = 9. Let j(q) = l(q) + y(q). Let d be j(-10). Give o(d).
-4
Let w(t) = t + 1. Let y(i) = -i + 7. Let d be y(9). Determine w(d).
-1
Let c(i) = 2*i - 1. Suppose -7 = 2*g - g. Let a be 4/(-6)*(g + 4). What is c(a)?
3
Let o(s) be the second derivative of 13*s**4/12 + s**2/2 - 7*s. What is o(1)?
14
Let r(y) = y**2 + 21*y + 3. Let t be r(-21). Let j(i) be the second derivative of 1/6*i**t + 3*i + 0 - i**2. Calculate j(4).
2
Suppose 5*p + 77 = -123. Let y be (-16)/p + (-7)/5. Let s(a) be the first derivative of a**3/3 - a**2/2 - a + 1. Give s(y).
1
Let j(d) = -d**2 - d + 6. Let o(q) = q**2 - 8*q + 7. Let y(c) = -2*c - 1. Let v be y(-4). Let t be o(v). Determine j(t).
6
Let n(y) = 2*y + 1. Let o(j) = 3*j + 1. Let l(m) = 5*n(m) - 3*o(m). Let p = 3 - 6. Let b be l(p). Let g(c) = -6*c**2 - c. Determine g(b).
-5
Suppose -7*n + 5*n = 10. Let r(m) = m + 11. What is r(n)?
6
Let f(g) = g**3 - 3*g**2 - 5*g + 6. Suppose u + 0 = 3. Suppose 0 = -j - 4*q + 8, 6*j + 4*q - 16 = u*j. What is f(j)?
2
Let m(u) = u**2 + u - 2. Let g be m(-2). Let l = g + 1. Suppose -1 - l = -f. Let z(w) = -2*w + 2. Calculate z(f).
-2
Suppose 3*t + z = -22, -4*z - z - 8 = -2*t. Let n(c) = -1 - 10*c**2 + 5*c + 1 + 11*c**2. What is n(t)?
6
Let g(o) = o**3 + 2*o**2 + 2*o - 2. Suppose s - 3 = -0*s. Suppose -4*x - 2*r - 12 = 6, -s*r = -3*x + 9. What is g(x)?
-6
Let v(c) be the third derivative of 7*c**2 + 0*c - 1/6*c**3 + 0 - 1/12*c**4. What is v(-3)?
5
Let f(r) = -r**3 - 6*r**2 - 5*r - 5. Let o(d) = d**3 - 14*d**2 + 13*d - 5. Let n be o(13). Give f(n).
-5
Suppose -5*y = -4*h + 1, -y - 3 = 5*h - 3*y. Let b(a) be the first derivative of -1 - 13/2*a**2 - a. Determine b(h).
12
Let j(w) be the first derivative of 3*w**2/2 + 5*w + 6. What is j(-5)?
-10
Let r be 9/21 + 36/14. Let c(i) = 2*i - 3 + 4 - 3*i. What is c(r)?
-2
Let g(w) = 16*w**3 + 1 + w**2 - 13*w**3 - 8*w**3 - 2*w. Determine g(1).
-5
Let a(c) be the first derivative of 5*c**3 - c**2 + c + 6. Calculate a(1).
14
Let w be -1 + 3 - (9 - 13). Let u(o) = o**3 - 5*o**2 - 7*o + 6. Determine u(w).
0
Let p(t) = 7*t + 1. Let q = -9 + 13. Suppose 5 = q*g - 3. Determine p(g).
15
Let c(f) be the first derivative of f**2/2 - 2*f - 16. What is c(0)?
-2
Let c(k) be the third derivative of 7*k**5/60 - k**4/24 + k**3/6 - 5*k**2. Let g be (1 - (-3 + 2))/2. What is c(g)?
7
Let d(j) be the second derivative of j**3/6 + 5*j**2/2 + 3*j. Determine d(-5).
0
Suppose 0 = -4*t + 6*t - 2. Let j be t - (0/2 - -2). Let d(k) = -2*k**3 + k. Give d(j).
1
Suppose 5*s = 6 + 9. Suppose -4*p - 9 = -g, 0*g + 9 = -s*g. Let z(i) be the second derivative of i**4/12 - 2*i**2 - 2*i. What is z(p)?
5
Suppose -t + 2*t + 21 = 5*q, 4*q - 16 = 0. Let u be t*(2 + -3) + -3. Let a be 3 + u + (-2)/(-2). Let c(w) = 2*w - 1. Calculate c(a).
3
Let b(i) be the third derivative of i**6/120 - i**5/15 - 5*i**4/24 + 2*i**3/3 + 10*i**2. Calculate b(5).
4
Let m(s) = s + 3. Suppose 0 = -2*z + 4 + 2. What is m(z)?
6
Let v(g) = -g**3 - 7*g**2 - 8*g - 2. Suppose -4*b = 35 - 11. Determine v(b).
10
Let f(y) be the third derivative of y**4/24 + y**3/6 + 2*y**2. Let k(n) = -2*n + 3. Let m(i) = f(i) + k(i). Determine m(-4).
8
Suppose 6 = 4*c - 7*c. Let j(g) = g**2 - 2*g - 2. Calculate j(c).
6
Let w(a) = a - 4. Let k = 7 - 18. Let q = 16 + k. Calculate w(q).
1
Let h(d) = d**3 + 6*d**2 + 4*d - 7. Let b(u) be the second derivative of u**5/20 - u**4/4 - 2*u**3/3 - 5*u**2/2 - u. Let w be b(4). What is h(w)?
-2
Let p(v) be the second derivative of v**3/6 + 11*v**2/2 + 3*v. Let i be p(-11). Let k = 4 - i. Let b(y) = -y**2 + 6*y - 3. What is b(k)?
5
Let d(z) = -7*z**2 + z - 5. Let a(g) = g**2 + g. Let r(h) = 6*a(h) + d(h). Suppose 5*y + 7 = 2. Let o(x) = 4*x**2 + 1. Let j be o(y). What is r(j)?
5
Suppose -8 - 24 = 4*i. Let a be i/(-10)*(-5 + 0). Let x(z) = -7*z - 15. Let r(n) = 3*n + 7. Let m(b) = -5*r(b) - 2*x(b). Give m(a).
-1
Let n(y) = y**3 + 7*y**2 - 2*y - 5. Let f(a) = 2*a**3 + 15